{"id":18410,"date":"2022-01-28T13:45:27","date_gmt":"2022-01-28T13:45:27","guid":{"rendered":"https:\/\/sefareva.com\/tema1\/?page_id=18410"},"modified":"2026-04-13T23:51:38","modified_gmt":"2026-04-13T23:51:38","slug":"our-services","status":"publish","type":"page","link":"https:\/\/www.sefareva.com\/our-services\/","title":{"rendered":"Servicios"},"content":{"rendered":"\t\t<div data-elementor-type=\"wp-page\" data-elementor-id=\"18410\" class=\"elementor elementor-18410\">\n\t\t\t\t\t\t<section class=\"elementor-section elementor-top-section elementor-element elementor-element-987e439 elementor-section-boxed elementor-section-height-default elementor-section-height-default sc_fly_static\" data-id=\"987e439\" data-element_type=\"section\">\n\t\t\t\t\t\t<div class=\"elementor-container elementor-column-gap-extended\">\n\t\t\t\t\t<div data-animation-type=\"block\" class=\"elementor-column elementor-col-100 elementor-top-column elementor-element elementor-element-2cb43d3 sc_content_align_inherit sc_layouts_column_icons_position_left animation_type_block sc_fly_static elementor-invisible\" data-id=\"2cb43d3\" data-element_type=\"column\" data-settings=\"{&quot;animation&quot;:&quot;fadeInUp&quot;}\">\n\t\t\t<div class=\"elementor-widget-wrap elementor-element-populated\">\n\t\t\t\t\t\t<div class=\"elementor-element elementor-element-de85a6d sc_height_huge sc_fly_static elementor-widget elementor-widget-spacer\" data-id=\"de85a6d\" data-element_type=\"widget\" data-widget_type=\"spacer.default\">\n\t\t\t\t<div class=\"elementor-widget-container\">\n\t\t\t\t\t\t\t<div class=\"elementor-spacer\">\n\t\t\t<div class=\"elementor-spacer-inner\"><\/div>\n\t\t<\/div>\n\t\t\t\t\t\t<\/div>\n\t\t\t\t<\/div>\n\t\t\t\t<section class=\"elementor-section elementor-inner-section elementor-element elementor-element-0da8a3f elementor-section-boxed elementor-section-height-default elementor-section-height-default sc_fly_static\" data-id=\"0da8a3f\" data-element_type=\"section\">\n\t\t\t\t\t\t<div class=\"elementor-container elementor-column-gap-no\">\n\t\t\t\t\t<div class=\"elementor-column elementor-col-100 elementor-inner-column elementor-element elementor-element-b490d8c sc_content_align_inherit sc_layouts_column_icons_position_left sc_fly_static\" data-id=\"b490d8c\" data-element_type=\"column\">\n\t\t\t<div class=\"elementor-widget-wrap elementor-element-populated\">\n\t\t\t\t\t\t<div class=\"elementor-element elementor-element-d6413b6 sc_fly_static elementor-widget elementor-widget-spacer\" data-id=\"d6413b6\" data-element_type=\"widget\" data-widget_type=\"spacer.default\">\n\t\t\t\t<div class=\"elementor-widget-container\">\n\t\t\t\t\t\t\t<div class=\"elementor-spacer\">\n\t\t\t<div class=\"elementor-spacer-inner\"><\/div>\n\t\t<\/div>\n\t\t\t\t\t\t<\/div>\n\t\t\t\t<\/div>\n\t\t\t\t<div class=\"elementor-element elementor-element-95e7692 sc_fly_static elementor-widget elementor-widget-trx_sc_button\" data-id=\"95e7692\" data-element_type=\"widget\" data-widget_type=\"trx_sc_button.default\">\n\t\t\t\t<div class=\"elementor-widget-container\">\n\t\t\t\t\t<div\tclass=\"sc_item_button sc_button_wrap sc_align_center\" ><a href=\"https:\/\/sefareva.com\/tema1\/contacto\/\" class=\"sc_button sc_button_default sc_button_size_normal sc_button_icon_left color_style_link2\" ><span class=\"sc_button_text\"><span class=\"sc_button_title\">Solicitar una consultor\u00eda<\/span><\/span><\/a><\/div>\t\t\t\t<\/div>\n\t\t\t\t<\/div>\n\t\t\t\t\t<\/div>\n\t\t<\/div>\n\t\t\t\t\t<\/div>\n\t\t<\/section>\n\t\t\t\t<div class=\"elementor-element elementor-element-dfdff33 sc_height_huge sc_fly_static elementor-widget elementor-widget-spacer\" data-id=\"dfdff33\" data-element_type=\"widget\" data-widget_type=\"spacer.default\">\n\t\t\t\t<div class=\"elementor-widget-container\">\n\t\t\t\t\t\t\t<div class=\"elementor-spacer\">\n\t\t\t<div class=\"elementor-spacer-inner\"><\/div>\n\t\t<\/div>\n\t\t\t\t\t\t<\/div>\n\t\t\t\t<\/div>\n\t\t\t\t<div class=\"elementor-element elementor-element-d3905ad sc_fly_static elementor-widget elementor-widget-trx_sc_icons\" data-id=\"d3905ad\" data-element_type=\"widget\" data-widget_type=\"trx_sc_icons.default\">\n\t\t\t\t<div class=\"elementor-widget-container\">\n\t\t\t\t\t<div \tclass=\"sc_icons sc_icons_decoration sc_icons_size_medium sc_align_center\" ><div class=\"sc_icons_columns_wrap sc_item_columns trx_addons_columns_wrap columns_padding_bottom columns_in_single_row\" ><div class=\"trx_addons_column-1_3 trx_addons_column-1_2-tablet\"><div class=\"sc_icons_item sc_icons_item_linked with_more\"><div class=\"sc_icons_icon sc_icon_type_ icon-inv-suitcase\" ><span class=\"sc_icon_type_ icon-inv-suitcase\"><\/span><\/div><div class=\"sc_icons_item_details\"><h4 class=\"sc_icons_item_title\"><a href=\"https:\/\/sefareva.com\/tema1\/reva\/\">\r\n                                    Servicios Integrales Premium Prevenci\u00f3n, correcci\u00f3n y acompa\u00f1amiento con administraci\u00f3n del proceso durante auditor\u00edas.                                    <\/a><\/h4><div class=\"sc_icons_item_description\"><span>Detecta hallazgos fiscales y operativos con base en an\u00e1lisis t\u00e9cnico.<\/span><\/div><a href=\"https:\/\/sefareva.com\/tema1\/reva\/\" class=\"sc_icons_item_more_link\">\r\n                        <span class=\"link_text\">conocerlo<\/span><span class=\"link_icon\"><\/span>\r\n                        <\/a><a href=\"https:\/\/sefareva.com\/tema1\/reva\/\"\r\n                        class=\"sc_icons_item_link\">\r\n                        <\/a><\/div><\/div><\/div><div class=\"trx_addons_column-1_3 trx_addons_column-1_2-tablet\"><div class=\"sc_icons_item sc_icons_item_linked with_more\"><div class=\"sc_icons_icon sc_icon_type_ icon-inv-strategy_2\" ><span class=\"sc_icon_type_ icon-inv-strategy_2\"><\/span><\/div><div class=\"sc_icons_item_details\"><h4 class=\"sc_icons_item_title\"><a href=\"https:\/\/sefareva.com\/tema1\/serviciosespacializados\/\">\r\n                                    Otros Servicios                                    <\/a><\/h4><div class=\"sc_icons_item_description\"><span>Tanto para el \u00e1mbito Fiscal como de Comercio Exterior<\/span><span><\/span><\/div><a href=\"https:\/\/sefareva.com\/tema1\/serviciosespacializados\/\" class=\"sc_icons_item_more_link\">\r\n                        <span class=\"link_text\">conocerlos<\/span><span class=\"link_icon\"><\/span>\r\n                        <\/a><a href=\"https:\/\/sefareva.com\/tema1\/serviciosespacializados\/\"\r\n                        class=\"sc_icons_item_link\">\r\n                        <\/a><\/div><\/div><\/div><div class=\"trx_addons_column-1_3 trx_addons_column-1_2-tablet\"><div class=\"sc_icons_item sc_icons_item_linked with_more\"><div class=\"sc_icons_icon sc_icon_type_ icon-eye-light\" ><span class=\"sc_icon_type_ icon-eye-light\"><\/span><\/div><div class=\"sc_icons_item_details\"><h4 class=\"sc_icons_item_title\"><a href=\"\/servicio-plus-express\">\r\n                                    Servicio Plus Express                                    <\/a><\/h4><div class=\"sc_icons_item_description\"><span>Evaluaci\u00f3n de Expedientes para Acreditaci\u00f3n de Materialidad (Importaci\u00f3n y Fiscal)<\/span><\/div><a href=\"\/servicio-plus-express\" class=\"sc_icons_item_more_link\">\r\n                        <span class=\"link_text\">Cotizar<\/span><span class=\"link_icon\"><\/span>\r\n                        <\/a><a href=\"\/servicio-plus-express\"\r\n                        class=\"sc_icons_item_link\">\r\n                        <\/a><\/div><\/div><\/div><\/div><\/div><!-- \/.sc_icons -->\t\t\t\t<\/div>\n\t\t\t\t<\/div>\n\t\t\t\t\t<\/div>\n\t\t<\/div>\n\t\t\t\t\t<\/div>\n\t\t<\/section>\n\t\t\t\t<section data-animation-type=\"block\" class=\"elementor-section elementor-top-section elementor-element elementor-element-a5119fc elementor-section-boxed elementor-section-height-default elementor-section-height-default animation_type_block sc_fly_static elementor-invisible\" data-id=\"a5119fc\" data-element_type=\"section\" data-settings=\"{&quot;animation&quot;:&quot;fadeInLeft&quot;}\">\n\t\t\t\t\t\t<div class=\"elementor-container elementor-column-gap-extended\">\n\t\t\t\t\t<div class=\"elementor-column elementor-col-100 elementor-top-column elementor-element elementor-element-c9aee11 sc_content_align_inherit sc_layouts_column_icons_position_left sc_fly_static\" data-id=\"c9aee11\" data-element_type=\"column\">\n\t\t\t<div class=\"elementor-widget-wrap elementor-element-populated\">\n\t\t\t\t\t\t<div class=\"elementor-element elementor-element-cbc93a4 sc_fly_static elementor-widget elementor-widget-spacer\" data-id=\"cbc93a4\" data-element_type=\"widget\" data-widget_type=\"spacer.default\">\n\t\t\t\t<div class=\"elementor-widget-container\">\n\t\t\t\t\t\t\t<div class=\"elementor-spacer\">\n\t\t\t<div class=\"elementor-spacer-inner\"><\/div>\n\t\t<\/div>\n\t\t\t\t\t\t<\/div>\n\t\t\t\t<\/div>\n\t\t\t\t<div class=\"elementor-element elementor-element-092648a sc_fly_static elementor-widget elementor-widget-trx_sc_title\" data-id=\"092648a\" data-element_type=\"widget\" data-widget_type=\"trx_sc_title.default\">\n\t\t\t\t<div class=\"elementor-widget-container\">\n\t\t\t\t\t<div\t\tclass=\"sc_title sc_title_default\" ><span class=\"sc_item_subtitle sc_title_subtitle sc_align_center sc_item_subtitle_above sc_item_title_style_default\">\u00bfComo te apoyamos?<\/span><h1 class=\"sc_item_title sc_title_title sc_align_center sc_item_title_style_default sc_item_title_tag sc_typed\"\n\t\t\t><span class=\"sc_item_title_text\">Tu empresa necesita m\u00e1s que un despacho fiscal: necesita una estrategia integral que la <u><span class=\"sc_typed_entry\" data-strings=\"[&quot;proteja&quot;,&quot;optimice&quot;]\" data-loop=\"1\" data-cursor=\"0\" data-cursor-char=\"_\" data-speed=\"6\" data-delay=\"1\">proteja<\/span><\/u>.<\/span><\/h1><\/div>\t\t\t\t<\/div>\n\t\t\t\t<\/div>\n\t\t\t\t<div class=\"elementor-element elementor-element-f7f1d07 sc_height_large sc_fly_static elementor-widget elementor-widget-spacer\" data-id=\"f7f1d07\" data-element_type=\"widget\" data-widget_type=\"spacer.default\">\n\t\t\t\t<div class=\"elementor-widget-container\">\n\t\t\t\t\t\t\t<div class=\"elementor-spacer\">\n\t\t\t<div class=\"elementor-spacer-inner\"><\/div>\n\t\t<\/div>\n\t\t\t\t\t\t<\/div>\n\t\t\t\t<\/div>\n\t\t\t\t\t<\/div>\n\t\t<\/div>\n\t\t\t\t\t<\/div>\n\t\t<\/section>\n\t\t\t\t<section data-animation-type=\"block\" class=\"elementor-section elementor-top-section elementor-element elementor-element-57bd166 elementor-section-full_width elementor-section-height-default elementor-section-height-default animation_type_block sc_fly_static elementor-invisible\" data-id=\"57bd166\" data-element_type=\"section\" data-settings=\"{&quot;animation&quot;:&quot;fadeInRight&quot;}\">\n\t\t\t\t\t\t<div class=\"elementor-container elementor-column-gap-no\">\n\t\t\t\t\t<div class=\"elementor-column elementor-col-100 elementor-top-column elementor-element elementor-element-97a955e sc_content_align_inherit sc_layouts_column_icons_position_left sc_fly_static\" data-id=\"97a955e\" data-element_type=\"column\">\n\t\t\t<div class=\"elementor-widget-wrap\">\n\t\t\t\t\t\t\t<\/div>\n\t\t<\/div>\n\t\t\t\t\t<\/div>\n\t\t<\/section>\n\t\t\t\t<section class=\"elementor-section elementor-top-section elementor-element elementor-element-b987247 elementor-section-full_width elementor-section-height-default elementor-section-height-default sc_fly_static\" data-id=\"b987247\" data-element_type=\"section\">\n\t\t\t\t\t\t<div class=\"elementor-container elementor-column-gap-extended\">\n\t\t\t\t\t<div class=\"elementor-column elementor-col-100 elementor-top-column elementor-element elementor-element-c4cbfe9 sc_content_align_inherit sc_layouts_column_icons_position_left sc_fly_static\" data-id=\"c4cbfe9\" data-element_type=\"column\">\n\t\t\t<div class=\"elementor-widget-wrap elementor-element-populated\">\n\t\t\t\t\t\t<div class=\"elementor-element elementor-element-3c36ddb sc_fly_static elementor-widget elementor-widget-trx_sc_portfolio\" data-id=\"3c36ddb\" data-element_type=\"widget\" data-widget_type=\"trx_sc_portfolio.default\">\n\t\t\t\t<div class=\"elementor-widget-container\">\n\t\t\t\t\t<div \t\tclass=\"sc_portfolio sc_portfolio_band\"><div class=\"sc_portfolio_columns_wrap sc_item_columns sc_item_posts_container trx_addons_columns_wrap columns_padding_bottom grid_wrap_3 columns_in_single_row\"><div class=\"trx_addons_column-1_3\"><div data-post-id=\"23349\" class=\"sc_portfolio_item sc_item_container post_container\"\r\n\t\tdata-size=\"2560x1707\"\r\n\tdata-src=\"https:\/\/sefareva.com\/wp-content\/uploads\/2025\/11\/at-hand-of-a-tax-accountant-who-calculates-with-a-2025-03-14-19-28-02-utc-scaled.jpg\"\r\n\t>\r\n\t<div class=\"post_featured with_thumb hover_link sc_portfolio_item_thumb trx_addons_image_effects_on_waves2\" data-image-effect-strength=\"30\"><img fetchpriority=\"high\" decoding=\"async\" width=\"650\" height=\"572\" src=\"https:\/\/sefareva.com\/wp-content\/uploads\/2025\/11\/at-hand-of-a-tax-accountant-who-calculates-with-a-2025-03-14-19-28-02-utc-650x572.jpg\" class=\"attachment-stakeholder-thumb-medium-square size-stakeholder-thumb-medium-square wp-post-image\" alt=\"\" \/>\t\t\t\t\t\t<div class=\"mask\"><\/div>\n\t\t\t\t\t\t\t\t\t<a href=\"https:\/\/www.sefareva.com\/portfolio\/asesoria-en-cartas-invitacion-revisiones-electronicas-y-actos-de-fiscalizacion\/\"  aria-hidden=\"true\" class=\"link\"><\/a>\r\n\t\t\t<\/div>    <div class=\"post_content_wrap\">\r\n        <div class=\"post_meta\"><span class=\"post_meta_item post_categories cat_sep\"><a href=\"https:\/\/www.sefareva.com\/portfolio_group\/otros-servicios\/\" title=\"View all posts in Otros Servicios\">Otros Servicios<\/a><\/span><\/div>            <h5 class=\"post_title\">\r\n                    <a href=\"https:\/\/www.sefareva.com\/portfolio\/asesoria-en-cartas-invitacion-revisiones-electronicas-y-actos-de-fiscalizacion\/\">Asesor\u00eda en cartas invitaci\u00f3n, revisiones electr\u00f3nicas y actos de fiscalizaci\u00f3n.<\/a>\r\n                    <\/h5>\r\n         \r\n                    <div class=\"post_description_content\">  <\/div>\r\n        \r\n\r\n    <\/div>\r\n<\/div><\/div><div class=\"trx_addons_column-1_3\"><div data-post-id=\"23350\" class=\"sc_portfolio_item sc_item_container post_container\"\r\n\t\tdata-size=\"2560x1707\"\r\n\tdata-src=\"https:\/\/sefareva.com\/wp-content\/uploads\/2025\/11\/two-asian-businesswomen-collaborate-on-stock-marke-2025-02-16-02-49-24-utc-scaled.jpg\"\r\n\t>\r\n\t<div class=\"post_featured with_thumb hover_link sc_portfolio_item_thumb trx_addons_image_effects_on_waves2\" data-image-effect-strength=\"30\"><img decoding=\"async\" width=\"650\" height=\"572\" src=\"https:\/\/sefareva.com\/wp-content\/uploads\/2025\/11\/two-asian-businesswomen-collaborate-on-stock-marke-2025-02-16-02-49-24-utc-650x572.jpg\" class=\"attachment-stakeholder-thumb-medium-square size-stakeholder-thumb-medium-square wp-post-image\" alt=\"\" \/>\t\t\t\t\t\t<div class=\"mask\"><\/div>\n\t\t\t\t\t\t\t\t\t<a href=\"https:\/\/www.sefareva.com\/portfolio\/escritos-y-gestiones-ante-la-autoridad\/\"  aria-hidden=\"true\" class=\"link\"><\/a>\r\n\t\t\t<\/div>    <div class=\"post_content_wrap\">\r\n        <div class=\"post_meta\"><span class=\"post_meta_item post_categories cat_sep\"><a href=\"https:\/\/www.sefareva.com\/portfolio_group\/otros-servicios\/\" title=\"View all posts in Otros Servicios\">Otros Servicios<\/a><\/span><\/div>            <h5 class=\"post_title\">\r\n                    <a href=\"https:\/\/www.sefareva.com\/portfolio\/escritos-y-gestiones-ante-la-autoridad\/\">Escritos y gestiones ante la autoridad<\/a>\r\n                    <\/h5>\r\n         \r\n                    <div class=\"post_description_content\">  <\/div>\r\n        \r\n\r\n    <\/div>\r\n<\/div><\/div><div class=\"trx_addons_column-1_3\"><div data-post-id=\"23351\" class=\"sc_portfolio_item sc_item_container post_container\"\r\n\t\tdata-size=\"2560x1707\"\r\n\tdata-src=\"https:\/\/sefareva.com\/wp-content\/uploads\/2025\/11\/business-people-meeting-in-the-office-calculate-th-2025-02-19-10-01-52-utc-1-scaled.jpg\"\r\n\t>\r\n\t<div class=\"post_featured with_thumb hover_link sc_portfolio_item_thumb trx_addons_image_effects_on_waves2\" data-image-effect-strength=\"30\"><img decoding=\"async\" width=\"650\" height=\"572\" src=\"https:\/\/sefareva.com\/wp-content\/uploads\/2025\/11\/business-people-meeting-in-the-office-calculate-th-2025-02-19-10-01-52-utc-1-650x572.jpg\" class=\"attachment-stakeholder-thumb-medium-square size-stakeholder-thumb-medium-square wp-post-image\" alt=\"\" \/>\t\t\t\t\t\t<div class=\"mask\"><\/div>\n\t\t\t\t\t\t\t\t\t<a href=\"https:\/\/www.sefareva.com\/portfolio\/defensa-fiscal-recursos-administrativos-y-medios-jurisdiccionales-juicio-de-nulidad-amparo\/\"  aria-hidden=\"true\" class=\"link\"><\/a>\r\n\t\t\t<\/div>    <div class=\"post_content_wrap\">\r\n        <div class=\"post_meta\"><span class=\"post_meta_item post_categories cat_sep\"><a href=\"https:\/\/www.sefareva.com\/portfolio_group\/otros-servicios\/\" title=\"View all posts in Otros Servicios\">Otros Servicios<\/a><\/span><\/div>            <h5 class=\"post_title\">\r\n                    <a href=\"https:\/\/www.sefareva.com\/portfolio\/defensa-fiscal-recursos-administrativos-y-medios-jurisdiccionales-juicio-de-nulidad-amparo\/\">Defensa Fiscal: Recursos administrativos y medios jurisdiccionales (juicio de nulidad, amparo).<\/a>\r\n                    <\/h5>\r\n         \r\n                    <div class=\"post_description_content\">  <\/div>\r\n        \r\n\r\n    <\/div>\r\n<\/div><\/div><\/div><\/div>\t\t\t\t<\/div>\n\t\t\t\t<\/div>\n\t\t\t\t\t<\/div>\n\t\t<\/div>\n\t\t\t\t\t<\/div>\n\t\t<\/section>\n\t\t\t\t<section class=\"elementor-section elementor-top-section elementor-element elementor-element-efae517 elementor-section-full_width elementor-section-height-default elementor-section-height-default sc_fly_static\" data-id=\"efae517\" data-element_type=\"section\">\n\t\t\t\t\t\t<div class=\"elementor-container elementor-column-gap-no\">\n\t\t\t\t\t<div class=\"elementor-column elementor-col-100 elementor-top-column elementor-element elementor-element-62ac821 sc_content_align_inherit sc_layouts_column_icons_position_left sc_fly_static\" data-id=\"62ac821\" data-element_type=\"column\">\n\t\t\t<div class=\"elementor-widget-wrap elementor-element-populated\">\n\t\t\t\t\t\t<section data-animation-type=\"block\" class=\"elementor-section elementor-inner-section elementor-element elementor-element-dacd350 scheme_dark elementor-section-boxed elementor-section-height-default elementor-section-height-default animation_type_block sc_fly_static elementor-invisible\" data-id=\"dacd350\" data-element_type=\"section\" data-settings=\"{&quot;background_background&quot;:&quot;classic&quot;,&quot;animation&quot;:&quot;fadeInUp&quot;}\">\n\t\t\t\t\t\t\t<div class=\"elementor-background-overlay\"><\/div>\n\t\t\t\t\t\t\t<div class=\"elementor-container elementor-column-gap-extended\">\n\t\t\t\t\t<div class=\"elementor-column elementor-col-100 elementor-inner-column elementor-element elementor-element-ba2a1ab sc_layouts_column_align_center sc_layouts_column sc_content_align_inherit sc_layouts_column_icons_position_left sc_fly_static\" data-id=\"ba2a1ab\" data-element_type=\"column\">\n\t\t\t<div class=\"elementor-widget-wrap elementor-element-populated\">\n\t\t\t\t\t\t<div class=\"elementor-element elementor-element-ed9ce31 sc_height_small sc_layouts_hide_on_tablet sc_layouts_hide_on_mobile sc_fly_static elementor-widget elementor-widget-spacer\" data-id=\"ed9ce31\" data-element_type=\"widget\" data-widget_type=\"spacer.default\">\n\t\t\t\t<div class=\"elementor-widget-container\">\n\t\t\t\t\t\t\t<div class=\"elementor-spacer\">\n\t\t\t<div class=\"elementor-spacer-inner\"><\/div>\n\t\t<\/div>\n\t\t\t\t\t\t<\/div>\n\t\t\t\t<\/div>\n\t\t\t\t<div class=\"elementor-element elementor-element-9b9a0d9 sc_height_large sc_fly_static elementor-widget elementor-widget-spacer\" data-id=\"9b9a0d9\" data-element_type=\"widget\" data-widget_type=\"spacer.default\">\n\t\t\t\t<div class=\"elementor-widget-container\">\n\t\t\t\t\t\t\t<div class=\"elementor-spacer\">\n\t\t\t<div class=\"elementor-spacer-inner\"><\/div>\n\t\t<\/div>\n\t\t\t\t\t\t<\/div>\n\t\t\t\t<\/div>\n\t\t\t\t<div class=\"elementor-element elementor-element-08c95ef sc_fly_static elementor-widget elementor-widget-trx_sc_title\" data-id=\"08c95ef\" data-element_type=\"widget\" data-widget_type=\"trx_sc_title.default\">\n\t\t\t\t<div class=\"elementor-widget-container\">\n\t\t\t\t\t<div\t\tclass=\"sc_title sc_title_default\" ><span class=\"sc_item_subtitle sc_title_subtitle sc_align_center sc_item_subtitle_above sc_item_title_style_default\">Prevenci\u00f3n, cumplimiento y defensa:<\/span><h1 class=\"sc_item_title sc_title_title sc_align_center sc_item_title_style_default sc_item_title_tag\"\n\t\t\t><span class=\"sc_item_title_text\"> todo en un mismo modelo<\/span><\/h1><\/div>\t\t\t\t<\/div>\n\t\t\t\t<\/div>\n\t\t\t\t<div class=\"elementor-element elementor-element-923dd60 sc_fly_static elementor-widget elementor-widget-spacer\" data-id=\"923dd60\" data-element_type=\"widget\" data-widget_type=\"spacer.default\">\n\t\t\t\t<div class=\"elementor-widget-container\">\n\t\t\t\t\t\t\t<div class=\"elementor-spacer\">\n\t\t\t<div class=\"elementor-spacer-inner\"><\/div>\n\t\t<\/div>\n\t\t\t\t\t\t<\/div>\n\t\t\t\t<\/div>\n\t\t\t\t<div class=\"elementor-element elementor-element-d4e7509 sc_fly_static elementor-widget elementor-widget-trx_sc_button\" data-id=\"d4e7509\" data-element_type=\"widget\" data-widget_type=\"trx_sc_button.default\">\n\t\t\t\t<div class=\"elementor-widget-container\">\n\t\t\t\t\t<div\tclass=\"sc_item_button sc_button_wrap\" ><a href=\"https:\/\/sefareva.com\/tema1\/contacto\/\" class=\"sc_button sc_button_default sc_button_size_normal sc_button_icon_left color_style_link2\" ><span class=\"sc_button_text\"><span class=\"sc_button_title\">Solicitar consultor\u00eda<\/span><\/span><\/a><\/div>\t\t\t\t<\/div>\n\t\t\t\t<\/div>\n\t\t\t\t<div class=\"elementor-element elementor-element-86f6a78 sc_height_huge sc_fly_static elementor-widget elementor-widget-spacer\" data-id=\"86f6a78\" data-element_type=\"widget\" data-widget_type=\"spacer.default\">\n\t\t\t\t<div class=\"elementor-widget-container\">\n\t\t\t\t\t\t\t<div class=\"elementor-spacer\">\n\t\t\t<div class=\"elementor-spacer-inner\"><\/div>\n\t\t<\/div>\n\t\t\t\t\t\t<\/div>\n\t\t\t\t<\/div>\n\t\t\t\t<div class=\"elementor-element elementor-element-2891d0f sc_height_small sc_layouts_hide_on_tablet sc_layouts_hide_on_mobile sc_fly_static elementor-widget elementor-widget-spacer\" data-id=\"2891d0f\" data-element_type=\"widget\" data-widget_type=\"spacer.default\">\n\t\t\t\t<div class=\"elementor-widget-container\">\n\t\t\t\t\t\t\t<div class=\"elementor-spacer\">\n\t\t\t<div class=\"elementor-spacer-inner\"><\/div>\n\t\t<\/div>\n\t\t\t\t\t\t<\/div>\n\t\t\t\t<\/div>\n\t\t\t\t\t<\/div>\n\t\t<\/div>\n\t\t\t\t\t<\/div>\n\t\t<\/section>\n\t\t\t\t\t<\/div>\n\t\t<\/div>\n\t\t\t\t\t<\/div>\n\t\t<\/section>\n\t\t\t\t<\/div>\n\t\t","protected":false},"excerpt":{"rendered":"<p>Solicitar&hellip;<\/p>\n","protected":false},"author":1,"featured_media":0,"parent":0,"menu_order":0,"comment_status":"closed","ping_status":"closed","template":"","meta":{"footnotes":""},"class_list":["post-18410","page","type-page","status-publish","hentry"],"_links":{"self":[{"href":"https:\/\/www.sefareva.com\/wp-json\/wp\/v2\/pages\/18410","targetHints":{"allow":["GET"]}}],"collection":[{"href":"https:\/\/www.sefareva.com\/wp-json\/wp\/v2\/pages"}],"about":[{"href":"https:\/\/www.sefareva.com\/wp-json\/wp\/v2\/types\/page"}],"author":[{"embeddable":true,"href":"https:\/\/www.sefareva.com\/wp-json\/wp\/v2\/users\/1"}],"replies":[{"embeddable":true,"href":"https:\/\/www.sefareva.com\/wp-json\/wp\/v2\/comments?post=18410"}],"version-history":[{"count":54,"href":"https:\/\/www.sefareva.com\/wp-json\/wp\/v2\/pages\/18410\/revisions"}],"predecessor-version":[{"id":23839,"href":"https:\/\/www.sefareva.com\/wp-json\/wp\/v2\/pages\/18410\/revisions\/23839"}],"wp:attachment":[{"href":"https:\/\/www.sefareva.com\/wp-json\/wp\/v2\/media?parent=18410"}],"curies":[{"name":"wp","href":"https:\/\/api.w.org\/{rel}","templated":true}]}}